{"id":48,"date":"2017-07-06T20:18:09","date_gmt":"2017-07-06T20:18:09","guid":{"rendered":"http:\/\/academiadominicanahistoria.org.do\/?page_id=48"},"modified":"2025-11-21T13:46:18","modified_gmt":"2025-11-21T13:46:18","slug":"videos","status":"publish","type":"page","link":"https:\/\/www.academiadominicanahistoria.org.do\/?page_id=48","title":{"rendered":"Videos"},"content":{"rendered":"\n<iframe loading=\"lazy\" width=\"500\" height=\"250\" src=\"https:\/\/www.youtube.com\/embed\/zq3uMR-9Y0M?si=bmJowzsJDuMWCBYR\" title=\"YouTube video player\" frameborder=\"0\" allow=\"accelerometer; autoplay; clipboard-write; encrypted-media; gyroscope; picture-in-picture; web-share\" referrerpolicy=\"strict-origin-when-cross-origin\" allowfullscreen><\/iframe><p style=\"text-align: left;\">&nbsp;&nbsp;<span style=\"color: #339966;\"><strong>Julio C\u00e9sar Casta\u00f1os Guzm\u00e1n &#8211; \u201cLo jur\u00eddico en el caso de Antonio Duverg\u00e9\u201d. <\/strong><\/span><\/p>\n\n<iframe loading=\"lazy\" width=\"500\" height=\"250\" src=\"https:\/\/www.youtube.com\/embed\/hNXMbHS3IAQ?si=eS737YAC52eKOMVO\" title=\"YouTube video player\" frameborder=\"0\" allow=\"accelerometer; autoplay; clipboard-write; encrypted-media; gyroscope; picture-in-picture; web-share\" referrerpolicy=\"strict-origin-when-cross-origin\" allowfullscreen><\/iframe><p style=\"text-align: left;\">&nbsp;&nbsp;<span style=\"color: #339966;\"><strong>Puesta en circulaci\u00f3n de la obra: Historia social de la dominaci\u00f3n haitiana (1822-1844), autor\u00eda de Olivier Batista Lemaire. <\/strong><\/span><\/p>\n\n<iframe loading=\"lazy\" width=\"500\" height=\"250\" src=\"https:\/\/www.youtube.com\/embed\/2kQSnVFbO4E?si=D8yovBm5Nw-iJz5q\" title=\"YouTube video player\" frameborder=\"0\" allow=\"accelerometer; autoplay; clipboard-write; encrypted-media; gyroscope; picture-in-picture; web-share\" referrerpolicy=\"strict-origin-when-cross-origin\" allowfullscreen><\/iframe><p style=\"text-align: left;\">&nbsp;&nbsp;<span style=\"color: #339966;\"><strong>Ofrenda floral a la Memoria de Ulises Francisco Espaillat, con motivo de la semana de la \u00e9tica. <\/strong><\/span><\/p>\n\n<iframe loading=\"lazy\" width=\"500\" height=\"250\" src=\"https:\/\/www.youtube.com\/embed\/GCniw-jAEK0?si=UY9qtiaB8u20Ogbl\" title=\"YouTube video player\" frameborder=\"0\" allow=\"accelerometer; autoplay; clipboard-write; encrypted-media; gyroscope; picture-in-picture; web-share\" referrerpolicy=\"strict-origin-when-cross-origin\" allowfullscreen><\/iframe><p style=\"text-align: left;\">&nbsp;&nbsp;<span style=\"color: #339966;\"><strong>Ofrenda floral a la memoria de Jos\u00e9 Gabriel Garc\u00eda, padre de la Historiograf\u00eda Dominicana. D\u00eda Nacional del Historiador. 13 de enero 2025. <\/strong><\/span><\/p>\n\n<iframe loading=\"lazy\" width=\"500\" height=\"250\" src=\"https:\/\/www.youtube.com\/embed\/ZzUc9UJoCPs?si=cjjA0380-D1Af719\" title=\"YouTube video player\" frameborder=\"0\" allow=\"accelerometer; autoplay; clipboard-write; encrypted-media; gyroscope; picture-in-picture; web-share\" referrerpolicy=\"strict-origin-when-cross-origin\" allowfullscreen><\/iframe><p style=\"text-align: left;\">&nbsp;&nbsp;<span style=\"color: #339966;\"><strong>Acto inaugural de la 11a. Feria del Libro de Historia Dominicana dedicada a Wenceslao Vega. Rep\u00fablica Dominicana. Archivo General de la Naci\u00f3n. <\/strong><\/span><\/p>\n\n\n\n     <p><a href=\"https:\/\/www.youtube.com\/channel\/UCkXh5dCg7q6Rgo9i72Ae16A\/videos\/\">Ver otras conferencias en YouTube<\/a><\/p> \n\n\n\n\n\n<div class=\"wp-container-1 wp-block-group alignfull has-text-color has-background\" style=\"background-color:#ffffff;color:#000000\"><div class=\"wp-block-group__inner-container\"><\/div><\/div>\n","protected":false},"excerpt":{"rendered":"<p>&nbsp;&nbsp;Julio C\u00e9sar Casta\u00f1os Guzm\u00e1n &#8211; \u201cLo jur\u00eddico en el caso de Antonio Duverg\u00e9\u201d. &nbsp;&nbsp;Puesta en circulaci\u00f3n de la obra: Histor<\/p>\n","protected":false},"author":1,"featured_media":0,"parent":46,"menu_order":0,"comment_status":"closed","ping_status":"closed","template":"fullwidth.php","meta":[],"_links":{"self":[{"href":"https:\/\/www.academiadominicanahistoria.org.do\/index.php?rest_route=\/wp\/v2\/pages\/48"}],"collection":[{"href":"https:\/\/www.academiadominicanahistoria.org.do\/index.php?rest_route=\/wp\/v2\/pages"}],"about":[{"href":"https:\/\/www.academiadominicanahistoria.org.do\/index.php?rest_route=\/wp\/v2\/types\/page"}],"author":[{"embeddable":true,"href":"https:\/\/www.academiadominicanahistoria.org.do\/index.php?rest_route=\/wp\/v2\/users\/1"}],"replies":[{"embeddable":true,"href":"https:\/\/www.academiadominicanahistoria.org.do\/index.php?rest_route=%2Fwp%2Fv2%2Fcomments&post=48"}],"version-history":[{"count":67,"href":"https:\/\/www.academiadominicanahistoria.org.do\/index.php?rest_route=\/wp\/v2\/pages\/48\/revisions"}],"predecessor-version":[{"id":3366,"href":"https:\/\/www.academiadominicanahistoria.org.do\/index.php?rest_route=\/wp\/v2\/pages\/48\/revisions\/3366"}],"up":[{"embeddable":true,"href":"https:\/\/www.academiadominicanahistoria.org.do\/index.php?rest_route=\/wp\/v2\/pages\/46"}],"wp:attachment":[{"href":"https:\/\/www.academiadominicanahistoria.org.do\/index.php?rest_route=%2Fwp%2Fv2%2Fmedia&parent=48"}],"curies":[{"name":"wp","href":"https:\/\/api.w.org\/{rel}","templated":true}]}}

<iframe loading="lazy" width="500" height="250" src="https://www.youtube.com/embed/zq3uMR-9Y0M?si=bmJowzsJDuMWCBYR" title="YouTube video player" frameborder="0" allow="accelerometer; autoplay; clipboard-write; encrypted-media; gyroscope; picture-in-picture; web-share" referrerpolicy="strict-origin-when-cross-origin" allowfullscreen></iframe><p style="text-align: left;">&nbsp;&nbsp;<span style="color: #339966;"><strong>Julio César Castaños Guzmán &#8211; “Lo jurídico en el caso de Antonio Duvergé”. </strong></span></p>

<iframe loading="lazy" width="500" height="250" src="https://www.youtube.com/embed/hNXMbHS3IAQ?si=eS737YAC52eKOMVO" title="YouTube video player" frameborder="0" allow="accelerometer; autoplay; clipboard-write; encrypted-media; gyroscope; picture-in-picture; web-share" referrerpolicy="strict-origin-when-cross-origin" allowfullscreen></iframe><p style="text-align: left;">&nbsp;&nbsp;<span style="color: #339966;"><strong>Puesta en circulación de la obra: Historia social de la dominación haitiana (1822-1844), autoría de Olivier Batista Lemaire. </strong></span></p>

<iframe loading="lazy" width="500" height="250" src="https://www.youtube.com/embed/2kQSnVFbO4E?si=D8yovBm5Nw-iJz5q" title="YouTube video player" frameborder="0" allow="accelerometer; autoplay; clipboard-write; encrypted-media; gyroscope; picture-in-picture; web-share" referrerpolicy="strict-origin-when-cross-origin" allowfullscreen></iframe><p style="text-align: left;">&nbsp;&nbsp;<span style="color: #339966;"><strong>Ofrenda floral a la Memoria de Ulises Francisco Espaillat, con motivo de la semana de la ética. </strong></span></p>

<iframe loading="lazy" width="500" height="250" src="https://www.youtube.com/embed/GCniw-jAEK0?si=UY9qtiaB8u20Ogbl" title="YouTube video player" frameborder="0" allow="accelerometer; autoplay; clipboard-write; encrypted-media; gyroscope; picture-in-picture; web-share" referrerpolicy="strict-origin-when-cross-origin" allowfullscreen></iframe><p style="text-align: left;">&nbsp;&nbsp;<span style="color: #339966;"><strong>Ofrenda floral a la memoria de José Gabriel García, padre de la Historiografía Dominicana. Día Nacional del Historiador. 13 de enero 2025. </strong></span></p>

<iframe loading="lazy" width="500" height="250" src="https://www.youtube.com/embed/ZzUc9UJoCPs?si=cjjA0380-D1Af719" title="YouTube video player" frameborder="0" allow="accelerometer; autoplay; clipboard-write; encrypted-media; gyroscope; picture-in-picture; web-share" referrerpolicy="strict-origin-when-cross-origin" allowfullscreen></iframe><p style="text-align: left;">&nbsp;&nbsp;<span style="color: #339966;"><strong>Acto inaugural de la 11a. Feria del Libro de Historia Dominicana dedicada a Wenceslao Vega. República Dominicana. Archivo General de la Nación. </strong></span></p>



     <p><a href="https://www.youtube.com/channel/UCkXh5dCg7q6Rgo9i72Ae16A/videos/">Ver otras conferencias en YouTube</a></p> 





<div class="wp-container-1 wp-block-group alignfull has-text-color has-background" style="background-color:#ffffff;color:#000000"><div class="wp-block-group__inner-container"></div></div>

<p>&nbsp;&nbsp;Julio César Castaños Guzmán &#8211; “Lo jurídico en el caso de Antonio Duvergé”. &nbsp;&nbsp;Puesta en circulación de la obra: Histor</p>
