{"id":493,"date":"2017-07-17T20:42:59","date_gmt":"2017-07-17T20:42:59","guid":{"rendered":"http:\/\/academiadominicanahistoria.org.do\/?page_id=493"},"modified":"2021-05-01T13:49:50","modified_gmt":"2021-05-01T13:49:50","slug":"presidente-y-junta-directiva-2016-2019","status":"publish","type":"page","link":"https:\/\/www.academiadominicanahistoria.org.do\/?page_id=493","title":{"rendered":"Presidente y Junta Directiva 2019-2022"},"content":{"rendered":"<p><strong><span style=\"color: #000000;\">Lic. Jos\u00e9 Felipe Chez Checo<\/span><\/strong><\/p>\n<p><strong><span style=\"color: #046a00;\">Presidente<\/span><\/strong><\/p>\n<p>\u00a0 \u00a0 Naci\u00f3 en 1949 y estudi\u00f3 filosof\u00eda en el Pontificio Seminario Mayor Santo Tom\u00e1s de Aquino y en la Universidad Aut\u00f3noma de Santo Domingo (1967-1972). En esa Universidad realiz\u00f3 tambi\u00e9n estudios de Historia (1972-1975), obteniendo el t\u00edtulo de Licenciado en Historia Magna cum Laude.<\/p>\n<p>\u00a0\u00a0\u00a0\u00a0 De 1975 a 1981 trabaj\u00f3 en la Fundaci\u00f3n Garc\u00eda Ar\u00e9valo, Inc., como Encargado de Publicaciones, y de 1978 a 1981 se desempe\u00f1\u00f3 como Editor del Bolet\u00edn del Museo del Hombre Dominicano donde era Encargado del Departamento de Publicaciones. De enero de 1980 a septiembre de 1981 fue Asesor de la Directora del Archivo General de la Naci\u00f3n, y Encargado de su Departamento de Difusi\u00f3n. De 1981 a 1987 fue Director del Museo Nacional de Historia y Geograf\u00eda. De 1987 a 1993 fue Miembro de la Comisi\u00f3n Dominicana Permanente para la Celebraci\u00f3n del Quinto Centenario del Descubrimiento y Evangelizaci\u00f3n de Am\u00e9rica, Director de su Revista \u201cLa Espa\u00f1ola\u201992\u201d, y Director de su Oficina Administrativa. De 1987 a 1997 fue Subdirector del Museo de las Casas Reales. De 1995 a 1997 fue Presidente de la Sociedad Dominicana de Bibli\u00f3filos y del 1993 al 2014 fue Director General del Patronato de la Ciudad Colonial de Santo Domingo. De 1997 al 2004 fue Miembro de la Comisi\u00f3n de la Feria del Libro y de 2000 al 2004 Miembro del Consejo Nacional de Cultura. En el 2010 perteneci\u00f3 a la Comisi\u00f3n Arquidiocesana para la Celebraci\u00f3n del Quinto Centenario de la Arquidi\u00f3cesis de Santo Domingo. Fue Miembro del Consejo Directivo del Archivo General de la Naci\u00f3n, designado mediante Decreto N\u00fam. 393-11 del 19 de agosto de 2011, desde ese a\u00f1o hasta el 2016. En el 2013 perteneci\u00f3 a la Comisi\u00f3n Nacional para Conmemorar el Bicentenario del Natalicio de Juan Pablo Duarte. Fue, adem\u00e1s, Asesor del Presidente de la Comisi\u00f3n Permanente de Efem\u00e9rides Patrias.<\/p>\n<p>\u00a0\u00a0\u00a0\u00a0 En la actualidad es, desde julio de 1980, Miembro de la Academia de Ciencias de la Rep\u00fablica Dominicana (Comisi\u00f3n de Historia) y, desde 1996, Miembro de N\u00famero de la Academia Dominicana de la Historia (Sill\u00f3n I), Correspondiente de la Real Academia de Historia (Espa\u00f1a), donde ha ocupado los cargos de Secretario (2001-2004), Presidente (2004-2007 y 2019-2022), Tesorero (2013-2016) y Miembro de su Comisi\u00f3n Editorial (2010-2019). Es, adem\u00e1s, Miembro de la Orden Her\u00e1ldica de Crist\u00f3bal Col\u00f3n; Miembro del Patronato del Museo Gregorio Luper\u00f3n, designado mediante Decreto del Poder Ejecutivo 660-05 del 12 de diciembre de 2005. Fue Miembro del Equipo Coordinador de la elaboraci\u00f3n de la Historia General del Pueblo Dominicano, proyecto editorial en 6 tomos auspiciado por la Academia Dominicana de la Historia, desempe\u00f1\u00e1ndose como coordinador del tomo IV.\u00a0 Desde el 2016 es Miembro-Coordinador del Comisi\u00f3n Editorial de la Universidad Nacional Pedro Henr\u00edquez Ure\u00f1a (UNPHU).<\/p>\n<p>\u00a0\u00a0\u00a0\u00a0 Ha asistido como Delegado a los Congresos de las Academias Iberoamericanas de Historia, celebrados en R\u00edo de Janeiro, Brasil (2000), M\u00e9xico, D.F., M\u00e9xico (2002), Madrid, Espa\u00f1a (2004); Lisboa, Portugal (2006) y Buenos Aires, Argentina (2010). Tambi\u00e9n asisti\u00f3 al Simposio Hist\u00f3rico \u201cLos \u00daltimos Cien A\u00f1os de la Evangelizaci\u00f3n en Am\u00e9rica Latina\u201d, organizado por la Pontificia Comisi\u00f3n para Am\u00e9rica Latina. Ciudad del Vaticano, 21-25 de junio de 1999. Fue jurado del \u201cI Premio Ateneo Jovellanos de Investigaci\u00f3n Hist\u00f3rica Espa\u00f1ola Hispanoamericana-Filipina\u201d, cuyo veredicto fue emitido en la ciudad de Gij\u00f3n, Principado de Asturias, Espa\u00f1a, el 18 de noviembre de 2006. Ha dictado conferencias en: Boston, Mass., USA (1998); Willemstad, Curazao (1999); Santiago, Chile (2000); Madrid, Espa\u00f1a (2001 y 2010), New York, N.Y., USA (2006 y 2007), Berl\u00edn, Alemania (2010) y Barcelona y Sevilla, Espa\u00f1a (2011).<\/p>\n<p>\u00a0\u00a0\u00a0\u00a0 Ha recibido honores como el Supremo de Plata como Joven Sobresaliente de 1984, otorgado por Jaycees\u00b472, afiliado a la Asociaci\u00f3n Jaycees Dominicana, Santo Domingo, el 26 de julio de 1985; el Gran Premio Cultural de 1984, otorgado por la Revista Mundo Diplom\u00e1tico Internacional, el 29 de noviembre de 1985; y un reconocimiento de la C\u00e1mara de Comercio y Cultura Dom\u00ednico-China, Inc. por la labor cultural desarrollada, Santo Domingo, Rep\u00fablica Dominicana, el 30 de noviembre de 1990. El 18 de enero de 2002 fue condecorado por Su Santidad Juan Pablo II como \u201cCaballero con Encomienda de la Orden de San Silvestre Papa con la Gran Insignia de Plata\u201d.\u00a0 El 25 de enero de 2005 le fue otorgado por el Poder Ejecutivo \u201cLa medalla al m\u00e9rito del Servidor Publico\u201d (Versi\u00f3n Plata) y el 18 de agosto de 2006 la Facultad de Humanidades de la Universidad Aut\u00f3noma de Santo Domingo le otorg\u00f3 un reconocimiento \u201cpor sus investigaciones hist\u00f3ricas\u201d. En el 2008 el historiador dominicano Frank Moya Pons le dedic\u00f3 su obra La Otra Historia Dominicana (Librer\u00eda La Trinitaria, 572 pp.) y el programa televisivo, que produc\u00eda Miguel Reyes S\u00e1nchez, lo reconoci\u00f3 como \u201cPersonaje sobresaliente de la Rep\u00fablica Dominicana 2008\u201d. El 9 de agosto de 2012 el Presidente de la Rep\u00fablica le confiri\u00f3 la condecoraci\u00f3n de la Orden de Crist\u00f3bal Col\u00f3n en el grado de Comendador. El 17 de noviembre de 2017 la Academia Dominicana de la Historia le entreg\u00f3 un reconocimiento \u201cpor ser pionero en la celebraci\u00f3n de los Congresos Dominicanos de Historia\u201d y el 2 de mayo de 2019 la 22.\u00aa Feria Internacional del Libro de Santo Domingo, dedic\u00f3 ese d\u00eda en su honor \u201cpor su inestimable labor como investigador e historiador de temas fundamentales para la conformaci\u00f3n y entendimiento de la sociedad e identidad dominicana\u201d.<\/p>\n<p>\u00a0\u00a0\u00a0\u00a0 Es autor del libro <em>Temas hist\u00f3ricos<\/em>, editado por la Universidad Central del Este, en 1979; y de las obras publicadas en 1988 por Brugal y Co., C. por A., dentro de su Colecci\u00f3n Centenario: <em>El ron en la Historia Dominicana, Tomo I<\/em>; <em>Vocabulario del ron; 267 cocteles con Brugal (Compilador) y Epigramas sobre el ron Brugal, 1906-1911 (Para la historia de la publicidad y de la vida cotidiana en la Rep\u00fablica Dominicana).<\/em> En 1989 Editora Taller public\u00f3 su obra <em>Ideario de Luper\u00f3n<\/em>, compilada con motivo del sesquicentenario del natalicio del pr\u00f3cer dominicano Gregorio Luper\u00f3n. De esa obra la Comisi\u00f3n Permanente de Efem\u00e9rides Patrias realiz\u00f3 una segunda edici\u00f3n, en 1997, con motivo del centenario de su fallecimiento, y la Comisi\u00f3n de la Feria del Libro la tercera edici\u00f3n en ocasi\u00f3n de la Primera Feria Regional del Libro Santiago\u00b497. En 1995 fueron publicados, en la \u201cColecci\u00f3n Historia <em>Total\u201d, creada por \u00e9l, sus trabajos Quinto<\/em> Centenario y <em>Del quehacer historiogr\u00e1fico I<\/em>. En 1996, con los auspicios de la Fundaci\u00f3n Mont\u00e1s, fue editada su investigaci\u00f3n <em>La familia Mont\u00e1s en la Historia Dominicana, 1716-1995. Cronolog\u00eda.<\/em> En ese mismo a\u00f1o edit\u00f3 <em>El a\u00f1o de fundaci\u00f3n de la ciudad de Santo Domingo en la historiograf\u00eda contempor\u00e1nea dominicana<\/em>,\u00a0 y <em>El presb\u00edtero y comendador Gabriel Moreno del Christo: Par\u00eds o las pampas del Guabatico<\/em>, que fue su discurso de ingreso como Acad\u00e9mico de N\u00famero de la Academia Dominicana de la Historia, pronunciado el 25 de abril de 1996 y publicado en el N\u00fam. 154 de <em>Cl\u00edo<\/em>, \u00f3rgano de dicha instituci\u00f3n, y en la Colecci\u00f3n Historia Total, N\u00fam. 4. En 1997 public\u00f3, dentro de la Colecci\u00f3n Historia Total, <em>El serm\u00f3n de fray Antonio Montesino de 1511 y el inicio de la lucha por la igualdad de los hombres en Am\u00e9rica<\/em>, N\u00fam. 5; <em>El historiador y la integraci\u00f3n de Am\u00e9rica Latina,<\/em> N\u00fam. 6; <em>La Rep\u00fablica Dominicana y Hait\u00ed: S\u00edntesis hist\u00f3rica de su problema fronterizo<\/em>, N\u00fam. 7; <em>Pr\u00f3logos I<\/em> (1977-1996), N\u00fam. 8; <em>Sobre libros de historia, 1975-1996,<\/em> N\u00fam. 9, y <em>Clodomiro Moquete entrevista Jos\u00e9 Chez Checo<\/em>, N\u00fam. 10. En 1998 edit\u00f3 el N\u00fam. 11 de la Colecci\u00f3n Historia Total, titulado <em>Amanecer y ocaso de la villa de Santo Domingo<\/em>, y en el a\u00f1o 2000 fue publicada su obra <em>La telefon\u00eda. Presencia y desarrollo en la Rep\u00fablica Dominicana<\/em> (Vol. III, Colecci\u00f3n Cultural CODETEL). En 2008 public\u00f3 los siguientes t\u00edtulos de su Colecci\u00f3n Historia Total: <em>La Iglesia Cat\u00f3lica y el final de la dictadura de Trujillo. Entrevista a Mons. Roque Adames<\/em>, N\u00fam. 12;\u00a0 <em>Pr\u00f3logos II<\/em> (1999-2007), N\u00fam. 13; <em>Sobre libros de historia II (1997-2007)<\/em>, N\u00fam. 14; <em>Del quehacer historiogr\u00e1fico II (1997-2007)<\/em>, N\u00fam. 15, y <em>Nuevos ensayos hist\u00f3ricos<\/em>, N\u00fam. 16. Adem\u00e1s, compil\u00f3 la obra <em>Im\u00e1genes insulares. Cartograf\u00eda hist\u00f3rica dominicana,<\/em> auspiciada por el Banco Popular. En 2011 <em>public\u00f3 Montesino 1511. Dimensi\u00f3n universal de un serm\u00f3n<\/em> y en 2014 fue editada su obre <em>El ron en la historia dominicana. Tomo II (Siglos XX y XXI).<\/em><\/p>\n<p>\u00a0\u00a0\u00a0\u00a0 Ha escrito, con Rafael Peralta Brito, las obras <em>Az\u00facar, encomiendas y otros ensayos hist\u00f3ricos<\/em> (Ediciones Fundaci\u00f3n Garc\u00eda Ar\u00e9valo, 1979) y <em>Religi\u00f3n, Filosof\u00eda y Pol\u00edtica en Fernando A. de Meri\u00f1o: 1857-1906,<\/em> (1979). Es coautor, adem\u00e1s, de los textos del <em>\u00c1lbum Indios de Quisqueya<\/em>, Colecci\u00f3n Educativa-Cultural (1982), y de los libros de colorear para ni\u00f1os <em>Nuestros indios<\/em> (1987) y <em>Descubrimiento y conquista<\/em> (1988), publicados por la Fundaci\u00f3n Garc\u00eda Ar\u00e9valo. El primero de ellos fue publicado en franc\u00e9s, en 1994, por Mus\u00e9es de la Ville de Par\u00eds. En 1997 public\u00f3 la obra <em>El Palacio Nacional. 50 a\u00f1os de historia y arquitectura,<\/em> escrita con la colaboraci\u00f3n de Emilio Jos\u00e9 Brea Garc\u00eda y Denise Morales, arquitectos, y editada por la Secretrar\u00eda Administrativa de la Presidencia. De esa obra se han realizado dos ediciones: una segunda en 2005 y una tercera en el 2008, esta \u00faltima tambi\u00e9n en versi\u00f3n en ingl\u00e9s.\u00a0 En 1998 fue editada por CODETEL su obra <em>Santo Domingo, elogio y memoria de la ciudad,<\/em> escrita conjuntamente con Marcio Veloz Maggiolo y Andr\u00e9s L. Mateo, y en el a\u00f1o 2002 escribi\u00f3, con Abelardo Jim\u00e9nez Lambertus, los textos de la obra <em>El Arte Sacro Colonial en Santo Domingo<\/em>, editada por la Fundaci\u00f3n de la Zona Colonial. Inc. En el a\u00f1o 2006 fue publicada su obra <em>El Senado de la Rep\u00fablica, historia y porvenir<\/em>, escrita con Mu-Kien Adriana Sang\u00a0 y Francisco Cueto Villam\u00e1n, editada por el Senado de la Rep\u00fablica Dominicana, y en el a\u00f1o 2008 fue publicada, en tres tomos y con los auspicios de Empresas Le\u00f3n Jimenes, su obra <em>El tabaco. Historia general en Rep\u00fablica Domi<\/em>nicana, realizada con la historiadora Mu-Kien Adriana Sang, que obtuvo el Premio Anual de Historia Jos\u00e9 Gabriel Garc\u00eda 2008, en la modalidad de Ensayo de Investigaci\u00f3n e Interpretaci\u00f3n.\u00a0 En ese mismo a\u00f1o public\u00f3, con Juan Daniel Balc\u00e1cer, la obra <em>Marcos A. Jorge Moreno. El \u00faltimo Ayudante Militar de Trujillo<\/em>. En el 2010 fue publicada por la C\u00e1mara de Diputados de la Rep\u00fablica Dominicana su obra, escrita con la historiadora Mu-Kien Adriana Sang, <em>Historia de la C\u00e1mara de Diputados. Tomo I. 1844-1978<\/em>. En el 2014 public\u00f3 la obra <em>CONEP. 50 a\u00f1os de su historia institucional. 1963-2013<\/em> (3 tomos), escrita con Mu-kien Adriana Sang Ben, y que obtuvo el Premio Anual de Historia Jos\u00e9 Gabriel Garc\u00eda 2014. En el 2015 la C\u00e1mara de Diputados de la Rep\u00fablica Dominicana edit\u00f3 su obra, elaborada con Mu-kien Adriana Sang Ben, <em>Historia de la C\u00e1mara de Diputados. Tomo III. 2000-2013<\/em> (4 vol\u00famenes). En el 2019 la CDEEE public\u00f3 su obra, escrita con esta historiadora y con la colaboraci\u00f3n de Juan Manuel Garc\u00eda, <em>Y se hizo la luz\u2026 Una historia de la energ\u00eda el\u00e9ctrica en Rep\u00fablica Dominicana. 1844-2000. <\/em><\/p>\n<p>\u00a0\u00a0\u00a0\u00a0 Seleccion\u00f3 los textos e ilustraciones, y fue el Coordinador y Editor de los respectivos cat\u00e1logos, de las multiexposiciones \u201cPrimac\u00edas de Am\u00e9rica en la Espa\u00f1ola, 1492-1542\u201d, elaborada en 1992 con motivo del Quinto Centenario del Descubrimiento y Evangelizaci\u00f3n de Am\u00e9rica, y de \u201cLa Independencia Nacional. Su Proceso\u201d con motivo de la celebraci\u00f3n en 1994 del sesquicentenario de dicha efem\u00e9rides. En 1998 compil\u00f3 la Obra cr\u00edtica en el peri\u00f3dico El Caribe de Manuel Valldeperes, publicada en tres vol\u00famenes por la Comisi\u00f3n Permanente de la Feria del Libro. Asimismo fue el Coordinador General de la exposici\u00f3n \u201cSanto <em>Domingo 500 a\u00f1os de Historia Urbana\u201d, <\/em>y de la obra<em> La ciudad del Ozama. 500 a\u00f1os<\/em> <em>de historia urbana,<\/em> ambas de la autor\u00eda del Arq. Eugenio P\u00e9rez Mont\u00e1s y auspiciadas por el Patronato de la Ciudad Colonial de Santo Domingo con motivo de celebrarse en 1998 los 500 a\u00f1os de la fundaci\u00f3n de la Ciudad de Santo Domingo, Primada de Am\u00e9rica, y en 2003 realiz\u00f3 la selecci\u00f3n, presentaci\u00f3n e \u00edndices de la obra <em>Actas del Senado (1926-1930)<\/em>, estenografiadas y mecanografiadas por Esther Mont\u00e1s Vald\u00e9s. En 2008 escribi\u00f3 la Introducci\u00f3n de la Primera Secci\u00f3n del Volumen III de la Colecci\u00f3n Pensamiento Dominicano: <em>Biograf\u00edas y evocaciones<\/em>, auspiciada por Banreservas y la Sociedad Dominicana de Bibli\u00f3filos. En 2011 fue el Coordinador General de la obra <em>Bas\u00edlica Catedral de Santo Domingo<\/em> que edit\u00f3 el Arzobispado de Santo Domingo y la Comisi\u00f3n Arquidiocesana para la Celebraci\u00f3n del Quinto Centenario de la Arquidi\u00f3cesis de Santo Domingo. Dicha obra obtuvo el Primer Premio \u201cTeor\u00eda, Historia y Cr\u00edtica\u201d en la XI Bienal Internacional de Arquitectura de Santo Domingo (13 de noviembre de 2012) y el Premio de la Cr\u00edtica 2011 en la categor\u00eda \u201cPublicaci\u00f3n Especializada en Artes Visuales-Libro\u201d que otorga la Asociaci\u00f3n Dominicana de Cr\u00edticos de Arte, Inc. (28 de noviembre de 2012). Entre el 2009-2012 cuid\u00f3 la edici\u00f3n de las <em>Obras Completas de Juan Bosch<\/em> (40 tomos), proyecto dirigido por el escritor Guillermo Pi\u00f1a-Contreras, y publicado por la Comisi\u00f3n Permanente de Efem\u00e9rides Patrias dirigida por el historiador Juan Daniel Balc\u00e1cer. En el 2015 corrigi\u00f3 los textos de la obra <em>El Ballet Nacional Dominicano. Origen y Trayectoria<\/em>, editada por M\u00f3nika Despradel. En el 2016 fue el Coordinador General y Editorial de la edici\u00f3n c\u00f3dice (codex) de la <em>Historia General del Pueblo Dominicano<\/em>, Tomo I, auspiciada por la Academia Dominicana de la Historia y el se\u00f1or Juan Bautista Vicini Lluberes, y realiz\u00f3 la Validaci\u00f3n de datos (fact checking) de la obra <em>Glorias. En busca del oro<\/em>, patrocinada por CRESO, INICIA y el Comit\u00e9 Ol\u00edmpico Dominicano. En 2016-2018 realiz\u00f3 la Revisi\u00f3n y correcci\u00f3n en artes finales de las <em>Obras Completas de Jos\u00e9 Gabriel Garc\u00eda,<\/em> publicadas en 8 vol\u00famenes con los auspicios del Archivo General de la Naci\u00f3n y el Banco de Reservas de la Rep\u00fablica Dominicana. En el 2017 fungi\u00f3 como Editor Asistente de la obra <em>La Sierra<\/em>, editada por la Fundaci\u00f3n Popular, y en el 2018 revis\u00f3 los textos y seleccion\u00f3 las fotograf\u00edas de la obra <em>Turismo dominicano. 30 a\u00f1os a velocidad de crucero<\/em> de Pedro Delgado Malag\u00f3n, editada por el Banco Popular. En el 2019 fue el Director editorial de la obra <em>Infraestructuras<\/em>, de Frank Moya Pons, editada por el Grupo Estrella con motivo de su 35 aniversario, y coordinador del tomo IV de la <em>Historia General del Pueblo Dominicano<\/em>, proyecto auspiciado por la Academia Dominicana de la Historia. En el 2020 fue Director Editorial y Seleccionador de los textos de la obra <em>RICA. Una trayectoria empresarial<\/em>, publicada por esa empresa con motivo de su 50 aniversario.<\/p>\n<p><span style=\"color: #008000;\"><strong><a style=\"color: #008000;\" href=\"http:\/\/catalogo.academiadominicanahistoria.org.do\/cgi-bin\/koha\/opac-search.pl?idx=au&amp;q=Chez+Checo\" target=\"_blank\" rel=\"noopener noreferrer\">Bibliograf\u00eda en la Biblioteca de la Academia<\/a>.<\/strong><\/span><\/p>\n\n\n<p><\/p>\n","protected":false},"excerpt":{"rendered":"<p>Lic. Jos\u00e9 Felipe Chez Checo Presidente \u00a0 \u00a0 Naci\u00f3 en 1949 y estudi\u00f3 filosof\u00eda en el Pontificio Seminario Mayor Santo Tom\u00e1s de Aquino y en la Universi<\/p>\n","protected":false},"author":1,"featured_media":0,"parent":0,"menu_order":0,"comment_status":"closed","ping_status":"closed","template":"fullwidth.php","meta":[],"_links":{"self":[{"href":"https:\/\/www.academiadominicanahistoria.org.do\/index.php?rest_route=\/wp\/v2\/pages\/493"}],"collection":[{"href":"https:\/\/www.academiadominicanahistoria.org.do\/index.php?rest_route=\/wp\/v2\/pages"}],"about":[{"href":"https:\/\/www.academiadominicanahistoria.org.do\/index.php?rest_route=\/wp\/v2\/types\/page"}],"author":[{"embeddable":true,"href":"https:\/\/www.academiadominicanahistoria.org.do\/index.php?rest_route=\/wp\/v2\/users\/1"}],"replies":[{"embeddable":true,"href":"https:\/\/www.academiadominicanahistoria.org.do\/index.php?rest_route=%2Fwp%2Fv2%2Fcomments&post=493"}],"version-history":[{"count":10,"href":"https:\/\/www.academiadominicanahistoria.org.do\/index.php?rest_route=\/wp\/v2\/pages\/493\/revisions"}],"predecessor-version":[{"id":2288,"href":"https:\/\/www.academiadominicanahistoria.org.do\/index.php?rest_route=\/wp\/v2\/pages\/493\/revisions\/2288"}],"wp:attachment":[{"href":"https:\/\/www.academiadominicanahistoria.org.do\/index.php?rest_route=%2Fwp%2Fv2%2Fmedia&parent=493"}],"curies":[{"name":"wp","href":"https:\/\/api.w.org\/{rel}","templated":true}]}}